ghest common divisor of b and v.
6
Let p(u) = -u**3 - 5*u**2 - 7*u - 6. Let n = 15 + -14. Let y be -5 + (n - 0) + -2. Let b be p(y). What is the highest common factor of 8 and b?
8
Let f(z) = -6*z - 5. Let m(b) = b. Let y(a) = f(a) + 5*m(a). Let t be y(-8). Let w be t*1 + (-7 - -7). Calculate the highest common factor of 2 and w.
1
Let z = -72 + 89. Let i be 2 + -4 - -119 - -2. Calculate the highest common divisor of z and i.
17
Let k = 85 - 40. Let h(r) = 20*r**2 - 55*r - 57. Let c be h(-1). Calculate the highest common factor of k and c.
9
Let h be -2*3/12*-10. Suppose -4*j = 4*n, 0*n + h*j + 8 = -3*n. Suppose -7 - n = -q. What is the highest common factor of q and 121?
11
Let r(q) be the second derivative of -3*q**5/20 + q**4/6 + q**3/3 + q**2/2 + 6*q. Let m be r(-1). Calculate the highest common factor of m and 8.
4
Let u(y) = 11*y + 21. Let j(n) = 11*n + 19. Let c(a) = 3*j(a) - 4*u(a). Let k be c(-9). Calculate the greatest common factor of k and 18.
18
Let b(u) = -34*u - 5. Let m be b(-5). Let f = 46 - 30. Let t = -1 + f. Calculate the highest common factor of t and m.
15
Let l be (5 - (-75)/(-12)) + 1666/8. Calculate the highest common divisor of 117 and l.
9
Let q be (8 + 2)/((-2)/(-52)). Let w be q/12 + (-4)/6. Let z = w + -11. Calculate the greatest common factor of z and 20.
10
Suppose 17*y - 6 = 215. What is the greatest common factor of y and 91?
13
Suppose -3*q = 2*m - 731, -7*q = -5*q + 2*m - 486. What is the highest common divisor of q and 7?
7
Let k = -5 + 23. Suppose 3*t - 7*t + 39 = 5*b, 5*b = 4*t - 9. What is the highest common factor of k and t?
6
Let d(n) = -n - 2. Let r be d(-5). Suppose -r*p - 119 = 28. Let h = p + 85. Calculate the greatest common divisor of 12 and h.
12
Let z be (-48)/(-9)*(-390)/(-20). What is the greatest common factor of 52 and z?
52
Let u(p) = 12 - 14 + 17 - 4*p. Let j be u(-7). Suppose -m + 97 = -j. What is the highest common factor of m and 14?
14
Let n be ((-1 - -6) + -25)*-4*1. What is the greatest common factor of 140 and n?
20
Let q(y) = 43*y**3 - 3*y**2 + 8*y - 6. Let j be q(1). Let o be 6*-5*(-38)/5. Let k = o - 123. Calculate the greatest common divisor of j and k.
21
Let i(l) be the first derivative of 17*l**3/3 + l**2/2 + l - 11. Let t be i(-1). Suppose -194 - 741 = -5*a. Calculate the greatest common factor of t and a.
17
Suppose -3*u + 4*d = 2*u - 439, -4*u + 349 = -d. Suppose h = 340 - u. What is the highest common factor of 23 and h?
23
Suppose -3*h - 2*h + 30 = 0. Suppose -3*i + h = -0. Suppose -9*x + 672 = -i*x. Calculate the greatest common factor of x and 12.
12
Let t(h) = -9*h**2 + 113*h - 8. Let g be t(9). Calculate the greatest common divisor of 112 and g.
56
Let g be 1 + (-35 - 39)/(-3 - -1). What is the highest common factor of 418 and g?
38
Let w = 34 + 343. Let b = w - 257. Calculate the highest common factor of 15 and b.
15
Let v = -46 - -53. Suppose -9*s = s - 70. Calculate the greatest common divisor of v and s.
7
Suppose 22*t - 795 = 17*t. Suppose s = -54 + t. Let f be ((-1)/(-2))/((-2)/(-60)). What is the highest common divisor of s and f?
15
Let x be 3 + (-1 + 4 - 2). Suppose 0 = -2*f + 5*p + 40, -f + 4 = f + x*p. Calculate the highest common divisor of 110 and f.
10
Suppose -3*x - 18 = -6*x. Let r = x + 16. What is the highest common factor of r and 2?
2
Suppose 4*c = -4*r + 20, 19*c - 14*c = -4*r + 16. What is the highest common factor of r and 84?
3
Let c = -4 + 6. Suppose -2*j = j + 66. Let r be 4/(-6) - j/6. What is the highest common factor of c and r?
1
Suppose -20 = -89*c + 87*c. What is the greatest common factor of c and 185?
5
Suppose 0 = -0*h + 3*h - 72. Let y be h - (-1 - -1 - 0). Let n be 0/(-2) - (6 - (-14 + 236)). What is the greatest common divisor of y and n?
24
Let v(z) = -z**2 + 5*z + 19. Let a be v(-8). Let p = -67 - a. What is the highest common divisor of 45 and p?
9
Let l(f) = 19*f - 4*f - 2*f + 3 - 11. Let k be l(4). What is the highest common factor of k and 11?
11
Let n = -51 + 54. Let v be (25/(-3) - -1)*(-9)/2. What is the greatest common divisor of n and v?
3
Let h(c) = -8*c**3 - 6*c**2 + 5*c - 3. Let m be h(-4). Let z = m - 231. What is the greatest common divisor of z and 18?
18
Let q = 275 + -254. Suppose -525 = -5*r + 5*s, -2*r = -7*s + 2*s - 210. Calculate the highest common factor of r and q.
21
Suppose 3*u = 4*v - 6933, -3467 = 9*v - 11*v + u. Calculate the greatest common factor of 204 and v.
102
Suppose 83 = y + 4*d - 146, y = d + 204. What is the greatest common divisor of y and 19?
19
Let w(b) = b**2 - 2*b + 2. Let n be w(8). Calculate the greatest common factor of 550 and n.
50
Let a(s) = 17*s**2 - s + 2. Let l be a(1). Let q(i) = 13*i**2 + 1. Let j be q(-1). Let z = 23 - j. Calculate the highest common factor of z and l.
9
Let y be 298 - -25 - (-5 - 2). Calculate the greatest common factor of y and 60.
30
Let j = 305 + -178. Let r = 222 - j. Calculate the highest common divisor of 38 and r.
19
Suppose 0*s - 5*s = -20. Suppose 24 = s*j - 16. Suppose -6*n - 90 = -7*n. What is the greatest common factor of j and n?
10
Let x(w) be the second derivative of w**4/12 + w**3/2 - 2*w. Let o be x(-6). Calculate the highest common divisor of o and 72.
18
Suppose j + 2*z = z + 2, 0 = -j - 2*z. Let v(t) = 7 - j*t + 4*t**2 - 3*t**2 + 3*t + 0*t. Let b be v(0). What is the greatest common divisor of b and 56?
7
Let l = 202 + -59. Let b = l + -7. Calculate the greatest common divisor of 17 and b.
17
Let h(k) = -k**3 - 2*k**2 + 3*k. Let s be h(-3). Suppose s = -5*j + 142 + 68. Calculate the highest common divisor of j and 14.
14
Suppose 5*l - 25 = 4*i + i, 0 = -4*i. Calculate the greatest common factor of 4 and l.
1
Suppose 5702 + 5398 = 37*i. What is the highest common divisor of 12 and i?
12
Let a = -312 - -435. Calculate the highest common factor of 82 and a.
41
Let q be (-5)/(-25) + 66/(-5). Let j be (-1 - -1) + q + 41. What is the highest common factor of j and 4?
4
Suppose -24*s - 197 = -557. Calculate the greatest common divisor of s and 345.
15
Let i be (-10)/45 - (-128)/9. What is the highest common factor of 826 and i?
14
Suppose 42*m = 46*m - 704. Suppose -33 - 31 = -4*y. What is the greatest common divisor of y and m?
16
Let d(h) = h**3 - 5*h**2 - 2*h + 4. Suppose 0 = -2*o + 7 + 3. Let v be d(o). Let m = 8 + v. Calculate the highest common divisor of 6 and m.
2
Suppose -3*p = -o - 9, -5*p + p + 12 = 4*o. Suppose o = -3*d + 26 - 5. Let k be (d/14)/((-1)/(-14)). Calculate the greatest common divisor of 49 and k.
7
Suppose -68*x - 736 = -72*x. What is the greatest common factor of 69 and x?
23
Let g be 2/(-6) + ((-6608)/3)/(-8). Let i(p) be the third derivative of -p**4 + p**3/6 + 4*p**2. Let z be i(-1). Calculate the highest common factor of z and g.
25
Let i(f) = 4*f - 2. Let q(u) = 7*u - 4. Let v(r) = 5*i(r) - 3*q(r). Let x be v(-12). Suppose a + 2*a = 210. What is the highest common factor of a and x?
14
Let p(z) = -z**2 + 15*z - 18. Let d be p(6). What is the highest common factor of 8 and d?
4
Let t be (-2)/(1/((-5)/1)). Let i be (330/(-11))/(1/(2/(-3))). Let y(f) = 4*f - 30. Let a be y(i). What is the greatest common divisor of a and t?
10
Suppose 3*o - f = 6 + 3, 4*o + 2*f - 2 = 0. Let j = o - -3. Calculate the greatest common divisor of 2 and j.
1
Let p be 1/(((-5)/10)/(-1)). Let b be (-1 - -26*p) + 0. What is the highest common factor of 34 and b?
17
Suppose 5*j - 683 + 253 = 0. Let l = -42 + j. What is the highest common divisor of 88 and l?
44
Suppose -d - z + 4*z + 1162 = 0, d - z = 1160. Calculate the greatest common divisor of d and 19.
19
Suppose 0 = -39*z + 261 + 168. What is the greatest common factor of 88 and z?
11
Suppose 3*r - 2*i - 1 = 4*r, 0 = 2*r + 5*i - 1. Let h = 13 + r. Suppose -4*c + 3*p - 63 = -h*c, 0 = -3*p + 3. Calculate the highest common divisor of c and 20.
10
Let i be (-4714)/(-30) + (-4)/30. Suppose 643 + i = 5*o. Suppose 2*q = -o + 412. Calculate the greatest common divisor of 18 and q.
18
Let r = 919 - 799. What is the highest common divisor of r and 45?
15
Suppose 0 + 6 = 3*s. Suppose m = -s*q - 14 - 1, 2*q + 12 = -2*m. Let j be (-1188)/(-30) - q/(-15). What is the highest common divisor of j and 13?
13
Suppose 4*v - 940 = -4*k, 2*k = -2*k - 2*v + 950. What is the highest common divisor of